(x) = -4 + 3*x**2 + 6 - 38*x**3 + q*x**3 - 3*x. Determine u(-3).
11
Let l = -7 - -7. Suppose l = -0*v + 3*v - 3*r - 39, 0 = -2*r + 2. Let u = -9 + v. Let g(s) = -s**2 + 7*s. What is g(u)?
10
Let h(d) be the second derivative of -d**4/12 + 5*d**3/3 + 2*d**2 - 147*d. What is h(10)?
4
Let v(q) = -q**2 + 2*q + 1. Let l(i) = -8*i**2 + i**3 - 2*i**2 + 0 - 1. Let y be l(10). Give v(y).
-2
Let i(c) = -2*c**2 - 9*c + 7. Let f = 130 - 137. Determine i(f).
-28
Let x be (0 - (-9)/3) + 0. Suppose -17 - x = 5*j. Let w(d) = -4*d + 20. Let s(c) = 3*c - 13. Let r(h) = 7*s(h) + 5*w(h). Give r(j).
5
Let p(w) be the first derivative of -1/3*w**3 - 3*w**2 - 4*w + 6. Let c = -7 + 3. What is p(c)?
4
Let n = 12 - 10. Let l(h) = -7*h + 2*h + 3*h + 2*h**n - 3. Calculate l(4).
21
Let s(k) = 2*k**2 + 2*k + 2. Suppose 32 = 3*r - 322. Let z = r - 120. Calculate s(z).
6
Let d(m) = 6*m**2 + 3*m**3 + 6 + m**3 - 4*m**3 - m**3 - m. Suppose -19 - 23 = -7*a. Determine d(a).
0
Let n(f) = 6*f**3 - 5*f**2 - f + 1. Let k(r) = -r**3 + r**2. Let g(l) = -4*k(l) - n(l). Suppose -2 = 3*i - 5*b - 5, -4 = -4*i + b. What is g(i)?
-1
Let h(r) = r**2 - 7*r + 2. Let f be (2/(-6))/((-2)/78). Let w = -12 - -4. Let a = w + f. Calculate h(a).
-8
Let d = -17 + 17. Suppose 0 = t - 1 - d. Let j(r) = -8*r - 2. Let y(s) = -105*s - 27. Let n(v) = 27*j(v) - 2*y(v). Determine n(t).
-6
Let j(v) = -v**2 - 3*v + 1. Let a be j(-3). Let k(x) = x + 0*x - a + 5. Let c(z) = -2*z**2 - 31*z - 65. Let s be c(-13). Determine k(s).
4
Let i = -32 + 36. Suppose 2*n + 24 = i. Let f(x) = -x**2 - 11*x - 8. Calculate f(n).
2
Let p be 38/9 + (-4)/18. Let j(b) = -b**2 + 0*b - 3*b - 4 + p*b**3 - b**3 + 5. Suppose 0 = 4*z + 11 - 19. What is j(z)?
15
Let r(a) = a**2 + 3*a. Let f = 12 + -8. Suppose -3*u + 4*x + 0 = 17, -u - f*x = -5. Determine r(u).
0
Let p be -2 + 0 + 0/1. Let x be 94 + 0*(-4)/20. Let u(j) = -95 - x + j + 186 - 5*j. What is u(p)?
5
Let c(n) be the second derivative of n**6/120 - n**5/10 + n**4/6 - 6*n**2 + 11*n. Let i(h) be the first derivative of c(h). Give i(4).
-16
Let c = -460 - -455. Let b(t) = -t**2 - 4*t + 11. What is b(c)?
6
Suppose -2*x = -k + 2, 33*k = 36*k - 3*x - 3. Let r(i) = i**2 + i. Let y(w) = -3*w**2 - 3*w + 6. Let z(h) = 2*r(h) + y(h). What is z(k)?
6
Let f(g) = -g**2 + 5*g + 1. Suppose 7*j + 18 = 60. Let c be f(j). Let w(v) = v**3 + 6*v**2 + 8*v + 5. Calculate w(c).
-10
Let n(q) = 3*q - 76. Let a(w) = w - 26. Let s(k) = -8*a(k) + 3*n(k). Calculate s(16).
-4
Let j(x) be the third derivative of -x**5/60 + 5*x**4/8 + 11*x**3/6 - 38*x**2. Give j(16).
-5
Let x(o) = -o**3 - 3*o**2 - 2*o - 3. Let h be (-10)/(-15) - 136/(-12). Suppose 0 = -v + 16 - h. Suppose q = v - 6. Determine x(q).
-3
Suppose -6*j = -j + 10. Let p(b) = 4075 + 2*b**2 - 4073 - 4*b**2. What is p(j)?
-6
Let w(m) = m - 1. Let v(y) be the third derivative of y**5/60 + y**4/24 - y**3/2 - 14*y**2. Let k(l) = -v(l) + 3*w(l). What is k(3)?
-3
Let p(k) = k**2 + 10*k + 16. Suppose -5*q = -5*j - 50, -j + 18 = -5*q + 40. What is p(j)?
-5
Let l(w) be the first derivative of -7*w**4/4 - w**3/3 + w**2 - w - 48. Give l(1).
-7
Suppose m = 3*p + 2*m - 32, 5*p - 54 = -2*m. Suppose -p = -10*f + 10. Let z(d) = -d**3 + 2*d**2 + d + 1. Calculate z(f).
3
Let l be (-3)/(5 - 8) - 2 - 1. Let c(z) = -z**3 - z**2 - 2*z - 1. Determine c(l).
7
Let j(o) = -2*o**2 - 12*o + 16. Let n(q) = 3*q**2 + 18*q - 24. Let k(w) = 7*j(w) + 5*n(w). Suppose -d + 22 = d. Suppose 4*v + 13 = -d. Determine k(v).
-8
Suppose i = -1, d + 5*i = -4*d + 20. Let f(k) = -k**3 + 6*k**2 - 3*k - 5. Give f(d).
5
Suppose 3*d = -3*j + j + 22, 2*d - j - 3 = 0. Let q(h) = d - 2 - 2 - h. Let k(u) = 1. Let s(l) = -6*k(l) + q(l). Give s(-6).
0
Suppose 42 = r - 4*l, 2*r - l + 4*l = 51. Suppose r = 7*n - 4*n. Let z(m) = -2 + 1 + n*m - 11*m. Give z(-4).
3
Let t(w) = -2 - 3*w - 2*w + 0*w**2 - w**2. Let n = 5 + 0. Suppose 17 = -2*h - h + n*m, -2*h - 3*m = 5. Give t(h).
2
Let s(f) = -3*f**2 + 2*f + 2. Let y(z) = -7*z**2 + 4*z + 5. Let r(u) = 5*s(u) - 2*y(u). Determine r(3).
-3
Let f(s) = -4*s - 3. Let y(q) = -3*q - 4. Let b(o) = 2*f(o) - 3*y(o). Give b(5).
11
Let v be 1 - -4*(-5)/(-10). Let i(t) = -t**2. Give i(v).
-9
Let b(a) be the third derivative of 1/120*a**5 + 0*a + 1/360*a**6 - 3/8*a**4 - 3*a**2 - 5/6*a**3 + 0. Let p(o) be the first derivative of b(o). Calculate p(0).
-9
Let b(x) = -x**3 + 6*x**2 - 2*x - 4. Let g = 144 - 138. Give b(g).
-16
Let f(b) = b + 14. Suppose 79*g - 68*g + 110 = 0. Give f(g).
4
Let d(z) = z**3 - 6*z**2 - 3*z + 8. Let y(k) = 28*k + 174. Let s be y(-6). What is d(s)?
-10
Let l(h) = h**2 - 6*h + 1. Suppose -j + 0*j + 11 = 3*a, -a + 7 = 2*j. Suppose 3*f + 4*w = 25, 0*f - 19 = -f - 4*w. Suppose -f*v + 30 = j*v. What is l(v)?
1
Let f(y) be the third derivative of y**7/2520 + y**6/90 + y**5/30 + 11*y**4/24 + 4*y**2. Let m(o) be the second derivative of f(o). Calculate m(-6).
-8
Let t(h) be the first derivative of h**4/4 + 2*h**3/3 - h**2/2 + h + 451. Calculate t(-2).
3
Suppose -390 = 6*c + 9*c. Let v = c + 33. Let g(t) = -t**3 + 6*t**2 + 7*t + 10. What is g(v)?
10
Let g(k) = 4 + k**2 - 5*k + 3*k**2 - 3*k**2. Suppose 37 = 59*t - 140. Determine g(t).
-2
Let v(r) = r**3 - 14*r**2 + r + 8. Let h be (-4 - (-10 - 1))*2. Determine v(h).
22
Let a(c) = -c - 13. Suppose -2*p - 30 = 2*g - 12, 2*g = -p - 18. Let u be a(g). Let s(h) = 3*h + 5. Determine s(u).
-7
Let j(y) = y**3 - 1. Let s be 7/1 - ((23 - 4) + -15). Calculate j(s).
26
Let k(r) = r**3 + 23*r**2 - 76*r + 52. Let w be k(-26). Let g(s) = -3*s - 4. Determine g(w).
-4
Suppose -3*j + 9 = r, j + 29 = -r + 30. Let x(t) = -3*t + 8. Determine x(r).
17
Let f(h) be the second derivative of h**5/20 - 7*h**4/12 + 7*h**3/6 - 3*h**2 + 34*h - 2. What is f(6)?
0
Let k(a) be the third derivative of a**4/24 + a**3/6 + 32*a**2 + 7*a. Determine k(-11).
-10
Let g = 548 + -556. Let h(r) = -3*r - 21. Determine h(g).
3
Suppose 4*z - 9 - 15 = 0. Let f(j) = -10 + 2*j + j**3 + 16 - 5 + 5*j - 3*j**2 - 4*j**2. Give f(z).
7
Let l = -651 - -653. Let p(i) = -1 - 12*i**3 + 14*i**3 + 5*i - 2*i - 3*i**2. Determine p(l).
9
Let n(x) = -92*x**2 - 7*x + 11*x**2 + 82*x**2 - 7. What is n(5)?
-17
Let f(p) = -9*p**3 + p**2 + 2*p + 1. Suppose 4*a - 12 = 4*j, -a = -2*j + 2*a - 1. Let v(m) = -2*m**2 - 17*m - 9. Let o be v(j). What is f(o)?
9
Let n(d) = 4*d - 1. Let t be 14/(1 + 1 + (6 - 6)). Calculate n(t).
27
Suppose -4*j + 2*g + 6 = 0, -7 = -2*j - j - g. Let w be (1/j)/(2/52). Let o = w + -14. Let r(c) = -11*c**2. What is r(o)?
-11
Let z(b) = -b - 8. Let t = -255 + 249. Determine z(t).
-2
Let o(y) = -2*y + 3. Let a(p) = -p**2 + 4*p + 225. Let d be a(-13). Calculate o(d).
-5
Let f(z) = -5613*z**2 - 1 + 2808*z**2 - 13*z + 2804*z**2. Give f(-10).
29
Suppose 5*n - 40 = -0*n. Let t(d) = d - 12*d**3 + n*d**3 + 5*d**3 - 2 + 2*d**2. Give t(-2).
-4
Let g(r) be the second derivative of -r**5/20 - 7*r**4/12 - 3*r**2 - 4*r - 16. Give g(-7).
-6
Suppose -57 = -5*p + l - 32, 2*p - l - 13 = 0. Let t(s) be the third derivative of 6*s**2 - 1/6*s**3 + 5/24*s**p + 0*s + 0 + 1/60*s**5. Give t(-6).
5
Let w(i) = 5*i**3 - 8*i**2 + 5*i + 10. Let u(g) = 2*g**3 - 3*g**2 + 2*g + 3. Let h be 210/66 + (-4)/22. Let s(q) = h*w(q) - 8*u(q). Determine s(0).
6
Let l(q) = q**2 + 1. Let f be (112/(-98))/(4/(-14)). Suppose 0 = -2*p + 14 - f. Suppose 0 = -8*s + p*s + 9. Determine l(s).
10
Let c(k) = k**2 + 8*k + 24. Let r be c(-5). Let g(n) = n + 1. Determine g(r).
10
Let x(r) be the third derivative of -r**6/360 + r**5/24 + r**4/12 - 10*r**3/3 - 28*r**2. Let b(j) be the first derivative of x(j). What is b(5)?
2
Let u = -35 + 28. Let c(o) = -o**2. Let q(m) = -3*m**2 - 8*m - 4. Let d(p) = -2*c(p) + q(p). Calculate d(u).
3
Suppose -3*w + 4*i + 9 = -18, -32 = -4*w + 4*i. Suppose 5*y = 0, 5*t - w*y + 1 + 14 = 0. Let g(p) = p - 2. Determine g(t).
-5
Suppose 2*j + 2*x = -38, 42*j + 4*x = 45*j + 43. Let v(n) = -2*n - 39. Determine v(j).
-5
Let g(q) = -q**3 + 6*q**2 - 5*q + 3. Let n be g(5). Suppose 9*x - 25 = 4*r + 4*x, -15 = -5*r - 3*x. Suppose r = y - n + 4. Let v(w) = -3*w + 1. Calculate v(y).
4
Let p(i) = -i**2 - i. Let g(o) = o**3 - 10*o**2 + 13*o + 26. Let u be g(8). Calculate p(u).
-6
Let v(q) = -24*q**2 - 20*q**2 + 59*q**2 - 23 - q**3 + 9*q - 25*q**2. Let b be v(-11). Let y(r) = 4 + 3*r**3 - 17*r**3 + r - 3. W